{"id":3870,"date":"2020-11-16T18:32:20","date_gmt":"2020-11-16T18:32:20","guid":{"rendered":"https:\/\/www.bossi.com.ar\/site\/?product=pilon-systel"},"modified":"2024-10-03T11:50:01","modified_gmt":"2024-10-03T14:50:01","slug":"pilon-systel","status":"publish","type":"product","link":"https:\/\/bossi.com.ar\/site\/producto\/pilon-systel\/","title":{"rendered":"Pilon Systel 300 kg"},"content":{"rendered":"<p>Balanza pil\u00f2n Systel, 300 kg, bater\u00eca incorporada, gancho de gran porte y resistencia. Cabezal en ABS. Tecla de Cero y Tara. Salida RS-232 para conexi\u00f2n a impresor o PC.<\/p>\n","protected":false},"excerpt":{"rendered":"<p>Balanza Pil\u00f2n Systel 300 kg<\/p>\n","protected":false},"featured_media":3871,"comment_status":"open","ping_status":"closed","template":"","meta":{"_et_pb_use_builder":"","_et_pb_old_content":"","_et_gb_content_width":""},"product_brand":[],"product_cat":[592,15],"product_tag":[],"class_list":{"0":"post-3870","1":"product","2":"type-product","3":"status-publish","4":"has-post-thumbnail","6":"product_cat-basculas","7":"product_cat-sin-categorizar","9":"first","10":"instock","11":"purchasable","12":"product-type-simple"},"_links":{"self":[{"href":"https:\/\/bossi.com.ar\/site\/wp-json\/wp\/v2\/product\/3870","targetHints":{"allow":["GET"]}}],"collection":[{"href":"https:\/\/bossi.com.ar\/site\/wp-json\/wp\/v2\/product"}],"about":[{"href":"https:\/\/bossi.com.ar\/site\/wp-json\/wp\/v2\/types\/product"}],"replies":[{"embeddable":true,"href":"https:\/\/bossi.com.ar\/site\/wp-json\/wp\/v2\/comments?post=3870"}],"wp:featuredmedia":[{"embeddable":true,"href":"https:\/\/bossi.com.ar\/site\/wp-json\/wp\/v2\/media\/3871"}],"wp:attachment":[{"href":"https:\/\/bossi.com.ar\/site\/wp-json\/wp\/v2\/media?parent=3870"}],"wp:term":[{"taxonomy":"product_brand","embeddable":true,"href":"https:\/\/bossi.com.ar\/site\/wp-json\/wp\/v2\/product_brand?post=3870"},{"taxonomy":"product_cat","embeddable":true,"href":"https:\/\/bossi.com.ar\/site\/wp-json\/wp\/v2\/product_cat?post=3870"},{"taxonomy":"product_tag","embeddable":true,"href":"https:\/\/bossi.com.ar\/site\/wp-json\/wp\/v2\/product_tag?post=3870"}],"curies":[{"name":"wp","href":"https:\/\/api.w.org\/{rel}","templated":true}]}}