{"id":4020,"date":"2024-10-04T17:36:31","date_gmt":"2024-10-04T20:36:31","guid":{"rendered":"https:\/\/bossi.com.ar\/site\/?post_type=product&#038;p=4020"},"modified":"2024-10-04T17:36:31","modified_gmt":"2024-10-04T20:36:31","slug":"freidor-dp33-std-alta-recuperacion","status":"publish","type":"product","link":"https:\/\/bossi.com.ar\/site\/producto\/freidor-dp33-std-alta-recuperacion\/","title":{"rendered":"Freidor DP33 std alta recuperaci\u00f3n."},"content":{"rendered":"<p>Freidor DP, capacidad 33 lts ( agua y aceite ), linea standart Alta Recuperaci\u00f3n. Laterales, e interior enlozado, frente acero inoxidable. Incluye v\u00e1lvula de seguridad. Dos canastos. Excelente opci\u00f3n para su local gastron\u00f3mico. Opcioes: 8, 18 y 33 lts.<\/p>\n","protected":false},"excerpt":{"rendered":"<p>Freidor DP33 std alta recuperaci\u00f3n.<\/p>\n","protected":false},"featured_media":4021,"comment_status":"closed","ping_status":"closed","template":"","meta":{"_et_pb_use_builder":"","_et_pb_old_content":"","_et_gb_content_width":""},"product_brand":[],"product_cat":[578,582],"product_tag":[],"class_list":{"0":"post-4020","1":"product","2":"type-product","3":"status-publish","4":"has-post-thumbnail","6":"product_cat-coccion","7":"product_cat-freidoras","9":"first","10":"instock","11":"shipping-taxable","12":"product-type-simple"},"_links":{"self":[{"href":"https:\/\/bossi.com.ar\/site\/wp-json\/wp\/v2\/product\/4020","targetHints":{"allow":["GET"]}}],"collection":[{"href":"https:\/\/bossi.com.ar\/site\/wp-json\/wp\/v2\/product"}],"about":[{"href":"https:\/\/bossi.com.ar\/site\/wp-json\/wp\/v2\/types\/product"}],"replies":[{"embeddable":true,"href":"https:\/\/bossi.com.ar\/site\/wp-json\/wp\/v2\/comments?post=4020"}],"wp:featuredmedia":[{"embeddable":true,"href":"https:\/\/bossi.com.ar\/site\/wp-json\/wp\/v2\/media\/4021"}],"wp:attachment":[{"href":"https:\/\/bossi.com.ar\/site\/wp-json\/wp\/v2\/media?parent=4020"}],"wp:term":[{"taxonomy":"product_brand","embeddable":true,"href":"https:\/\/bossi.com.ar\/site\/wp-json\/wp\/v2\/product_brand?post=4020"},{"taxonomy":"product_cat","embeddable":true,"href":"https:\/\/bossi.com.ar\/site\/wp-json\/wp\/v2\/product_cat?post=4020"},{"taxonomy":"product_tag","embeddable":true,"href":"https:\/\/bossi.com.ar\/site\/wp-json\/wp\/v2\/product_tag?post=4020"}],"curies":[{"name":"wp","href":"https:\/\/api.w.org\/{rel}","templated":true}]}}