{"id":4092,"date":"2024-12-19T11:32:42","date_gmt":"2024-12-19T14:32:42","guid":{"rendered":"https:\/\/bossi.com.ar\/site\/?post_type=product&#038;p=4092"},"modified":"2024-12-19T11:32:43","modified_gmt":"2024-12-19T14:32:43","slug":"heladera-exhibidora-full-negra","status":"publish","type":"product","link":"https:\/\/bossi.com.ar\/site\/producto\/heladera-exhibidora-full-negra\/","title":{"rendered":"Heladera exhibidora full negra."},"content":{"rendered":"<p>Heladera exhibidora mostrador, parte pecera termopanel con fr\u00edo forzado de piso, parte mostrador para atenci\u00f3n al p\u00fablico. Revestida exterior en color negro pleno, interior acero inoxidable. Estantes de vidrio templado. Control digital de temperatura y descongelamiento autom\u00e1tico. Consulte por trabajos especiales !!!<\/p>\n","protected":false},"excerpt":{"rendered":"<p>Heladera exhibidora full negra.<\/p>\n","protected":false},"featured_media":4094,"comment_status":"closed","ping_status":"closed","template":"","meta":{"_et_pb_use_builder":"","_et_pb_old_content":"","_et_gb_content_width":""},"product_brand":[],"product_cat":[587,598,599],"product_tag":[],"class_list":{"0":"post-4092","1":"product","2":"type-product","3":"status-publish","4":"has-post-thumbnail","6":"product_cat-heladeras-comerciales","7":"product_cat-maquinas-y-equipos","8":"product_cat-trabajos-especiales","10":"first","11":"instock","12":"shipping-taxable","13":"product-type-simple"},"_links":{"self":[{"href":"https:\/\/bossi.com.ar\/site\/wp-json\/wp\/v2\/product\/4092","targetHints":{"allow":["GET"]}}],"collection":[{"href":"https:\/\/bossi.com.ar\/site\/wp-json\/wp\/v2\/product"}],"about":[{"href":"https:\/\/bossi.com.ar\/site\/wp-json\/wp\/v2\/types\/product"}],"replies":[{"embeddable":true,"href":"https:\/\/bossi.com.ar\/site\/wp-json\/wp\/v2\/comments?post=4092"}],"wp:featuredmedia":[{"embeddable":true,"href":"https:\/\/bossi.com.ar\/site\/wp-json\/wp\/v2\/media\/4094"}],"wp:attachment":[{"href":"https:\/\/bossi.com.ar\/site\/wp-json\/wp\/v2\/media?parent=4092"}],"wp:term":[{"taxonomy":"product_brand","embeddable":true,"href":"https:\/\/bossi.com.ar\/site\/wp-json\/wp\/v2\/product_brand?post=4092"},{"taxonomy":"product_cat","embeddable":true,"href":"https:\/\/bossi.com.ar\/site\/wp-json\/wp\/v2\/product_cat?post=4092"},{"taxonomy":"product_tag","embeddable":true,"href":"https:\/\/bossi.com.ar\/site\/wp-json\/wp\/v2\/product_tag?post=4092"}],"curies":[{"name":"wp","href":"https:\/\/api.w.org\/{rel}","templated":true}]}}