{"id":4116,"date":"2024-12-19T16:07:00","date_gmt":"2024-12-19T19:07:00","guid":{"rendered":"https:\/\/bossi.com.ar\/site\/?post_type=product&#038;p=4116"},"modified":"2024-12-19T16:07:40","modified_gmt":"2024-12-19T19:07:40","slug":"heladera-exhibidora-vertical-950-lts","status":"publish","type":"product","link":"https:\/\/bossi.com.ar\/site\/producto\/heladera-exhibidora-vertical-950-lts\/","title":{"rendered":"Heladera exhibidora vertical 950 lts."},"content":{"rendered":"<p>Heladera exhibidora vertical 2 puertas capacidad 950 lts. Puertas de vidrio termopanel. Iluminaci\u00f3n Led. Estantes regulables. Sistema de fr\u00edo forzado que garantiza excelente calidad de fr\u00edo para botellas, latas, y todo producto envasado.<\/p>\n","protected":false},"excerpt":{"rendered":"<p>Heladera exhibidora vertical 950 lts.<\/p>\n","protected":false},"featured_media":4118,"comment_status":"closed","ping_status":"closed","template":"","meta":{"_et_pb_use_builder":"on","_et_pb_old_content":"Heladera exhibidora vertical 2 puertas capacidad 950 lts. Puertas de vidrio termopanel. Iluminaci\u00f3n Led. Estantes regulables. Sistema de fr\u00edo forzado que garantiza excelente calidad de fr\u00edo para botellas, latas, y todo producto envasado.","_et_gb_content_width":""},"product_brand":[],"product_cat":[586,585],"product_tag":[],"class_list":{"0":"post-4116","1":"product","2":"type-product","3":"status-publish","4":"has-post-thumbnail","6":"product_cat-heladeras-exhibidoras","7":"product_cat-refrigeracion","9":"first","10":"instock","11":"shipping-taxable","12":"product-type-simple"},"_links":{"self":[{"href":"https:\/\/bossi.com.ar\/site\/wp-json\/wp\/v2\/product\/4116","targetHints":{"allow":["GET"]}}],"collection":[{"href":"https:\/\/bossi.com.ar\/site\/wp-json\/wp\/v2\/product"}],"about":[{"href":"https:\/\/bossi.com.ar\/site\/wp-json\/wp\/v2\/types\/product"}],"replies":[{"embeddable":true,"href":"https:\/\/bossi.com.ar\/site\/wp-json\/wp\/v2\/comments?post=4116"}],"wp:featuredmedia":[{"embeddable":true,"href":"https:\/\/bossi.com.ar\/site\/wp-json\/wp\/v2\/media\/4118"}],"wp:attachment":[{"href":"https:\/\/bossi.com.ar\/site\/wp-json\/wp\/v2\/media?parent=4116"}],"wp:term":[{"taxonomy":"product_brand","embeddable":true,"href":"https:\/\/bossi.com.ar\/site\/wp-json\/wp\/v2\/product_brand?post=4116"},{"taxonomy":"product_cat","embeddable":true,"href":"https:\/\/bossi.com.ar\/site\/wp-json\/wp\/v2\/product_cat?post=4116"},{"taxonomy":"product_tag","embeddable":true,"href":"https:\/\/bossi.com.ar\/site\/wp-json\/wp\/v2\/product_tag?post=4116"}],"curies":[{"name":"wp","href":"https:\/\/api.w.org\/{rel}","templated":true}]}}